ctor of 25443?
True
Does 22 divide 16148?
True
Does 13 divide 55046?
False
Does 11 divide 1067?
True
Is 43360 a multiple of 12?
False
Is 11563 a multiple of 34?
False
Is 7 a factor of 25?
False
Is 3 a factor of 3648?
True
Does 3 divide 163?
False
Does 14 divide 30831?
False
Is 2426 a multiple of 27?
False
Is 127 a factor of 8065?
False
Is 144 a factor of 100045?
False
Does 31 divide 6582?
False
Is 20530 a multiple of 73?
False
Is 11 a factor of 4213?
True
Does 13 divide 23530?
True
Does 4 divide 5361?
False
Is 55 a factor of 2783?
False
Is 12464 a multiple of 76?
True
Is 13 a factor of 130?
True
Does 40 divide 6040?
True
Is 2645 a multiple of 25?
False
Does 8 divide 878?
False
Is 30 a factor of 138?
False
Is 70 a multiple of 5?
True
Is 2674 a multiple of 49?
False
Is 3 a factor of 908?
False
Is 631 a multiple of 4?
False
Is 11 a factor of 1045?
True
Is 36 a factor of 1365?
False
Does 21 divide 26741?
False
Is 1632 a multiple of 10?
False
Does 120 divide 3840?
True
Is 3 a factor of 3540?
True
Is 54 a factor of 5477?
False
Is 4375 a multiple of 23?
False
Is 59 a factor of 32627?
True
Does 11 divide 11389?
False
Does 22 divide 65428?
True
Is 121 a factor of 4477?
True
Does 288 divide 17300?
False
Does 5 divide 2920?
True
Is 35 a factor of 7245?
True
Does 11 divide 6985?
True
Is 25462 a multiple of 13?
False
Is 4 a factor of 1588?
True
Does 84 divide 420?
True
Is 15003 a multiple of 12?
False
Does 2 divide 312?
True
Is 12197 a multiple of 142?
False
Is 42 a factor of 1403?
False
Is 33 a factor of 25515?
False
Is 494 a multiple of 2?
True
Is 24628 a multiple of 91?
False
Is 14 a factor of 14434?
True
Is 40 a factor of 16440?
True
Is 12 a factor of 96?
True
Is 9 a factor of 34324?
False
Does 76 divide 130?
False
Does 45 divide 2835?
True
Does 33 divide 13692?
False
Is 3413 a multiple of 13?
False
Does 23 divide 11316?
True
Is 7 a factor of 1785?
True
Does 2 divide 2247?
False
Is 73 a factor of 7095?
False
Does 80 divide 45596?
False
Is 209750 a multiple of 16?
False
Is 15 a factor of 40815?
True
Is 1540 a multiple of 55?
True
Does 16 divide 74048?
True
Does 4 divide 736?
True
Does 8 divide 5008?
True
Is 77 a factor of 520?
False
Is 25 a factor of 200?
True
Does 18 divide 10210?
False
Does 5 divide 995?
True
Is 37 a factor of 325?
False
Is 38 a factor of 3040?
True
Is 5 a factor of 305?
True
Does 40 divide 688?
False
Is 150 a factor of 1650?
True
Does 19 divide 475?
True
Is 13392 a multiple of 124?
True
Is 12 a factor of 372?
True
Does 13 divide 43901?
True
Does 39 divide 4686?
False
Is 1151 a multiple of 16?
False
Is 55 a factor of 34543?
False
Is 40 a factor of 1680?
True
Does 2 divide 22540?
True
Is 49668 a multiple of 52?
False
Is 6649 a multiple of 109?
True
Does 142 divide 19975?
False
Is 36 a factor of 30229?
False
Does 18 divide 30?
False
Does 84 divide 1954?
False
Is 116 a factor of 6316?
False
Does 26 divide 1165?
False
Does 39 divide 468?
True
Is 137 a factor of 600?
False
Is 40542 a multiple of 21?
False
Is 14 a factor of 2910?
False
Is 47513 a multiple of 173?
False
Is 454 a multiple of 7?
False
Does 25 divide 3850?
True
Is 3 a factor of 33?
True
Does 22 divide 1804?
True
Is 59 a multiple of 2?
False
Does 20 divide 3738?
False
Is 56 a multiple of 2?
True
Does 28 divide 353?
False
Does 156 divide 46119?
False
Does 52 divide 15340?
True
Does 8 divide 1223?
False
Is 93 a multiple of 12?
False
Is 33348 a multiple of 42?
True
Is 6564 a multiple of 11?
False
Does 73 divide 657?
True
Is 1210 a multiple of 121?
True
Is 10 a factor of 510?
True
Does 12 divide 3852?
True
Does 7 divide 3016?
False
Is 41 a factor of 205?
True
Is 22 a factor of 9350?
True
Does 19 divide 1140?
True
Is 1080 a multiple of 60?
True
Does 33 divide 800?
False
Is 48 a factor of 25622?
False
Is 26 a factor of 44876?
True
Is 1091 a multiple of 78?
False
Does 27 divide 57276?
False
Is 32 a factor of 1216?
True
Is 4 a factor of 2023?
False
Is 33 a factor of 755?
False
Is 65 a factor of 585?
True
Does 23 divide 355?
False
Is 108 a multiple of 18?
True
Is 250 a factor of 6000?
True
Is 42990 a multiple of 15?
True
Is 254 a multiple of 2?
True
Is 1036 a multiple of 90?
False
Does 34 divide 3921?
False
Does 70 divide 618?
False
Is 72645 a multiple of 48?
False
Is 5 a factor of 74?
False
Is 12 a factor of 260?
False
Does 3 divide 715?
False
Is 104 a factor of 25208?
False
Is 39 a factor of 4379?
False
Does 5 divide 24665?
True
Is 76 a multiple of 2?
True
Does 21 divide 9478?
False
Is 27 a factor of 1053?
True
Is 52534 a multiple of 127?
False
Does 2 divide 1585?
False
Is 62 a factor of 186?
True
Does 72 divide 7776?
True
Is 3 a factor of 3232?
False
Does 25 divide 45525?
True
Is 18468 a multiple of 96?
False
Is 3 a factor of 685?
False
Is 60 a factor of 600?
True
Is 6 a factor of 233?
False
Is 24 a factor of 11064?
True
Is 5 a factor of 1430?
True
Is 3124 a multiple of 11?
True
Is 1664 a multiple of 52?
True
Is 12 a factor of 78336?
True
Is 36234 a multiple of 18?
True
Does 104 divide 2843?
False
Is 15 a factor of 15?
True
Is 5 a factor of 225?
True
Is 43 a factor of 5082?
False
Is 24548 a multiple of 9?
False
Is 43365 a multiple of 245?
True
Does 32 divide 1338?
False
Does 17 divide 82603?
True
Is 418 a multiple of 11?
True
Is 2088 a multiple of 36?
True
Is 48957 a multiple of 20?
False
Does 35 divide 45317?
False
Is 112 a factor of 59374?
False
Is 8295 a multiple of 21?
True
Is 374 a multiple of 17?
True
Is 6 a factor of 3928?
False
Is 2333 a multiple of 25?
False
Is 10 a factor of 190?
True
Does 26 divide 6936?
False
Is 72 a factor of 106773?
False
Is 2 a factor of 5987?
False
Is 13 a factor of 9672?
True
Does 17 divide 533?
False
Is 8 a factor of 6156?
False
Does 54 divide 1409?
False
Is 1393 a multiple of 58?
False
Is 200 a multiple of 4?
True
Is 20 a factor of 462?
False
Does 268 divide 148472?
True
Is 6207 a multiple of 31?
False
Does 48 divide 528?
True
Does 85 divide 2833?
False
Is 13572 a multiple of 9?
True
Is 42 a factor of 6107?
False
Is 1082 a multiple of 17?
False
Is 27182 a multiple of 46?
False
Is 11029 a multiple of 20?
False
Is 46 a factor of 211?
False
Is 228 a factor of 46512?
True
Is 2000 a multiple of 20?
True
Is 19 a factor of 3382?
True
Is 32 a factor of 661?
False
Is 4359 a multiple of 11?
False
Is 25 a factor of 49925?
True
Does 33 divide 1758?
False
Does 3 divide 93?
True
Does 124 divide 87172?
True
Does 2 divide 338?
True
Does 96 divide 192?
True
Does 23 divide 10022?
False
Is 18 a factor of 367?
False
Is 43139 a multiple of 5?
False
Does 17 divide 6239?
True
Does 5 divide 52?
False
Is 28 a factor of 3321?
False
Is 5429 a multiple of 129?
False
Is 12 a factor of 142?
False
Does 13 divide 604?
False
Is 838 a multiple of 25?
False
Does 7 divide 1057?
True
Is 224 a multiple of 28?
True
Is 2515 a multiple of 51?
False
Does 8 divide 11840?
True
Is 21 a factor of 1155?
True
Does 136 divide 6120?
True
Is 802 a multiple of 4?
False
Does 23 divide 5970?
False
Is 10 a factor of 481?
False
Does 22 divide 118?
False
Is 784 a multiple of 62?
False
Is 46054 a multiple of 95?
False
Is 14 a factor of 28998?
False
Is 28 a factor of 1232?
True
Is 130 a factor of 3770?
True
Does 60 divide 3242?
False
Does 21 divide 945?
True
Does 29 divide 3104?
False
Is 5505 a multiple of 3?
True
Is 3610 a multiple of 95?
True
Is 27 a factor of 162?
True
Does 53 divide 3215?
False
Does 44 divide 507?
False
Is 15 a factor of 1155?
True
Is 6 a factor of 300?
True
Does 4 divide 1268?
True
Is 1307 a multiple of 20?
False
Is 3600 a multiple of 60?
True
Is 608 a multiple of 32?
True
Is 12 a factor of 1423?
False
Is 76 a factor of 1976?
True
Does 43 divide 11782?
True
Does 19 divide 45873?
False
Is 2848 a multiple of 16?
True
Is 8 a factor of 2048?
True
Is 12 a factor of 2340?
True
Is 10 a factor of 2527?
False
Is 592 a multiple of 28?
False
Is 6 a factor of 9791?
False
Is 9 a factor of 225?
True
Does 19 divide 950?
True
Is 22 a factor of 845?
False
Does 16 divide 2827?
False
Is 30 a factor of 11100?
True
Is 11 a factor of 14528?
False
Is 18 a factor of 13500?
True
Is 2160 a multiple of 18?
True
Is 52 a factor of 3120?
True
Does 13 divide 1300?
True
Is 24 a factor of 1224?
True
Is 6 a factor of 972?
True
Is 3807 a multiple of 27?
True
Is 17412 a multiple of 139?
False
Does 12 divide 888?
Tru